 Determine w(-2).
-4
Let q(i) = i**3 + i**2 - i + 1. Let x(p) = p + 1. Let t be x(-1). Let o be t - (-5 - -2 - -5). What is q(o)?
-1
Let l be (-8)/(1 + (1 - 4)). Let v(u) be the second derivative of 0 + 1/12*u**l + 3*u**2 - 2*u - 7/6*u**3. Determine v(4).
-6
Let u(k) = -k + 4. Let i be (-1246)/(-77) - 4/22. Suppose 5*n = -2*z + i, -4*n + 5 = -6*z + 5*z. Give u(z).
1
Let g(k) = -2*k + 2. Let i(y) = -3*y + 2. Let n(p) = -6*g(p) + 5*i(p). Give n(3).
-11
Let s(c) = -1 + c**2 - 2*c**3 + 78*c - 74*c - 2. Give s(2).
-7
Let x be (-4)/(-10) - 44/10. Let v(a) = a**3 + 3*a**2 - 4*a - 4. Determine v(x).
-4
Let j be -4*(-1 + 3/(-3)). Let t be 15/(-2)*j/12. Let m(z) = z**2 + 4*z - 5. Determine m(t).
0
Suppose 2*k + 8 = -2*k. Let u be (-8)/28 + 16/7. Let t(z) = 3 - z**u + 0 - 2. Give t(k).
-3
Let b be (-12)/3*(-1 - 0). Let j(m) = 3 + 0 + b*m - 3. Give j(-1).
-4
Let t(b) be the third derivative of -b**5/60 - b**4/24 - b**3/6 + 4*b**2. Calculate t(2).
-7
Let p be 15/2*2/3. Let b(v) = 3 + 0 - p - 5*v - v**2 + 10*v. Calculate b(3).
4
Let s(l) = -l**2 + 2*l + 1. Suppose -9 = 3*d - 3. Let k(f) = f. Let w be k(d). Let c = w - -5. What is s(c)?
-2
Suppose 0*s = -2*o - 2*s + 10, 4*o = 4*s + 4. Let n(r) be the third derivative of -r**4/6 + 2*r**3/3 - 47*r**2. Calculate n(o).
-8
Suppose -4 = 4*w + 4. Let c(o) = -o**2 + o - 1. Let d(f) = 4*f**2 - 4*f + 6. Let n(j) = w*d(j) - 10*c(j). Calculate n(2).
2
Let a(y) = -1. Let f(l) = -4*l - 6. Let q(z) = -5*a(z) + f(z). Let s(v) = 2*v - 2 - v + 0 + 10. Let j be s(-9). What is q(j)?
3
Let l(h) = -92*h**2 + 5 + 40*h**2 + 47*h**2 + 2*h + h**3. What is l(4)?
-3
Suppose 0 = 4*i - h - 20, 4*i + h + h = 32. Suppose b - 15 = i*b. Let l(u) = 2*u + 1. Calculate l(b).
-5
Let y(n) = n + 4. Let a be y(-3). Let z(l) be the second derivative of -3*l**4/4 + l**2/2 - 6*l - 2. Calculate z(a).
-8
Let t(n) be the third derivative of n**5/60 + 12*n**2. What is t(-1)?
1
Let l(h) = h**3 + h + 13. Let c(v) = -v**3 + 12*v**2. Let w be c(12). Give l(w).
13
Let q(m) = -1 - 8 + 8 + 4*m. Determine q(-1).
-5
Let n(y) = -2*y - 3. Let w be (4 + -1)/(-3)*5. Determine n(w).
7
Suppose -8 = -3*y + 7. Let j(i) = 3 - i - 3*i - i**3 + 19*i**2 - 13*i**2 - 2. Calculate j(y).
6
Let l(f) = 7*f. Let q = 19 + -18. Determine l(q).
7
Let q(o) be the second derivative of -o**3/6 + o**2 + 3*o + 3. Determine q(-5).
7
Let g be (2 + -2)*(-3 + 4 + -2). Let p(r) = -r + 2. Calculate p(g).
2
Suppose 3*b + 3 = -0. Let x(w) be the second derivative of 13*w**5/20 + w**4/6 + w**3/6 - 3*w + 4. Give x(b).
-12
Let h(p) = -6*p**2 - 1 + 0 + 8*p**2 + 0 - p. Let r be 3/((-6)/(-10)) + 0. Suppose r*x + 4 + 1 = 0. Give h(x).
2
Suppose 0 = -4*n + 3*x - 5*x + 12, 5*x = -5*n + 20. Let f(w) = -2*w + 3. Calculate f(n).
-1
Let d(r) = 3 - 7 + 4 + 6*r + r**2. Calculate d(-6).
0
Let n(b) be the third derivative of -1/2*b**3 + 0 + 0*b - 1/12*b**4 + 2*b**2. Suppose 3 - 2 = -y, 5*a - y + 19 = 0. Give n(a).
5
Let s be (-1)/((-1)/(-2)*-2). Let t = -2 - s. Let q(n) be the second derivative of n**4/12 + n**3/6 - 3*n**2/2 - n. Calculate q(t).
3
Let n = 5 - 11. Let q(s) = -8*s + 11. Let j(v) = -v + 1. Let k(r) = n*j(r) + q(r). Calculate k(5).
-5
Let b(k) be the third derivative of k**2 + 0 + 0*k + 1/120*k**6 - 1/30*k**5 + 0*k**3 - 1/8*k**4. Calculate b(3).
0
Let y(w) = 7. Let g(z) = -z**2 - 2*z + 4. Let j be g(-4). Let c(p) = -p - 1. Let q(b) = j*c(b) - y(b). Suppose -2*l = -l - 2. Calculate q(l).
5
Suppose 5*p = i + 11, -6*p = -3*i - 8*p - 16. Let d(m) = -10*m - 4 + 12*m + 2*m**2 - m**2 - 2*m**2 - 7*m. Determine d(i).
-10
Let h(a) be the third derivative of -a**6/120 - a**5/10 - a**4/6 - a**3/3 + 10*a**2. What is h(-4)?
-18
Let c(q) = -2 - 2*q + 4 + 3 + q. What is c(6)?
-1
Let y(t) = t - 5. Let j = 9 + -5. Suppose 13 = j*z - 7. What is y(z)?
0
Let d(o) = 0*o + 0 - 1 - o. Suppose -8*j - 7 = 9. What is d(j)?
1
Let y be (-310)/(-18) - 4/18. Let i be y/(-3) - 2/(-3). Let w(n) = n**3 + 4*n**2 - 3*n + 3. Determine w(i).
-7
Let q(w) = -3*w**2 - 7*w + 2*w + 0*w + 10*w**2 - w**3 - 3. What is q(6)?
3
Let u(v) be the third derivative of -v**5/60 + v**4/24 + v**3/6 + 16*v**2. What is u(0)?
1
Let i(w) = 3*w + 1. Let t(h) = -h**2 - 6*h - 7. Let p be -3*(-10)/(-6) + 1. Let z be t(p). Calculate i(z).
4
Let f = -5 + 7. Let x = f - 0. Let s(n) = 0*n**2 + x*n**2 - 8*n**3 - n + 2*n**3. Give s(1).
-5
Let t be 2 + -1 - (1 + -1). Suppose 0 = 2*a - 9 + t. Suppose 2*k = -5*j + 3, a*j = -0*k - 4*k. Let v(y) = -10*y**3 - y**2 - 2*y - 1. What is v(k)?
10
Suppose -u + 0 = 1. Let x(a) be the third derivative of 4*a**2 - 3/40*a**6 + 0*a - 1/12*a**4 - 1/6*a**3 + 0 - 1/30*a**5. What is x(u)?
8
Let g(r) be the third derivative of -1/60*r**5 + 1/24*r**6 - 1/6*r**3 - 3*r**2 + 0 + 0*r + 1/12*r**4. Calculate g(1).
5
Let n(z) be the first derivative of -z**4/4 + z**2 - z + 1. Let m be (-4)/6 - 80/(-30). Let w be n(m). Let r(a) = 3*a + 6. What is r(w)?
-9
Let z(o) = -o**2 + 3. Let u = -15 + 12. Determine z(u).
-6
Let n(h) = h**2 - 2*h - 2. Suppose -20 = -5*t - 5*b, t + 3*t - 2*b - 10 = 0. Determine n(t).
1
Let s(y) = -y**3 + 7*y**2 + 2*y - 9. Let r be (-94)/(-14) - (-3)/((-105)/(-10)). Give s(r).
5
Let r(m) = -2*m**3 - 12*m**2 + 14*m + 8. Let n(c) = c**3 + 6*c**2 - 7*c - 4. Let k(q) = 13*n(q) + 6*r(q). What is k(-7)?
-4
Let j(d) = d - 1. Let r be 33 + 1/((-1)/(-2)). Suppose 4*f = 5*s - r, 3*f + s + 2 = 2*f. Calculate j(f).
-6
Let r be ((-9)/6)/((-1)/(-2)). Let l(n) = -n**2 - 3*n - 1. Calculate l(r).
-1
Let k = 9 - 19. Let q = k + 15. Let g(m) = m**2 + 0*m + 2*m + 3 + 1 - q*m. Give g(4).
8
Let k be 0 + (-5 - (3 + -1)). Let s(l) = l**2 + 6*l + 10. Calculate s(k).
17
Let i(z) be the third derivative of z**9/60480 + z**8/2520 + z**7/720 - z**6/240 - z**5/15 - 7*z**2. Let h(w) be the third derivative of i(w). Determine h(-7).
-3
Let z(u) = 8*u**2 - 2*u + 1. Let l = 8 - 2. Suppose -5*y = 1 - l. Give z(y).
7
Let g(m) be the second derivative of -m**3/3 + 3*m**2/2 + 7*m. Let z be 0 + 1 - 2/(-1). What is g(z)?
-3
Let u = 5 - 2. Let c be 1/u + (-6)/(-9). Let o(r) = 10*r**2 + r - 1. Calculate o(c).
10
Let j(v) = 4 + 4*v**2 - 5*v**2 - 10 + 4. Determine j(0).
-2
Suppose 0 = 2*c + c - 15. Let m be 7 - 4 - (c + -1). Let s(a) = a. Give s(m).
-1
Let n(r) be the third derivative of r**5/30 + r**3/6 - 23*r**2. What is n(-1)?
3
Let j(p) = p**3 + p**2 + p + 2. Suppose 2*f - 2 = 4*k, -k + 5*f - 14 = -0*f. Let n be 4 + k + 4/4. Suppose 2*r = -n + 2. Calculate j(r).
-4
Suppose -3*v + 1 = 2*k, -5*v = 6*k - 4*k - 3. Let x(s) = -s + 2*s + v - 4. Let c = 18 + -15. What is x(c)?
0
Let g be 8*-1*2/(-4). Let a be (-17)/(-2) + (-2)/g. Let h(f) = -f + 6. Let i be h(a). Let r(l) = 5*l + 2. Determine r(i).
-8
Suppose -4*a - a + 9 = -3*d, 2*d - a - 1 = 0. Suppose 5*z - 15 = -5*v, -14 = 4*z - 3*v + d. Let x(f) = -3*f**3 + f**2 + f. Calculate x(z).
3
Let s(m) = 4*m**2 + 9*m + 4. Let z(o) = 3*o**2 + 8*o + 3. Suppose 1 = -4*w - 19. Let n(c) = w*z(c) + 4*s(c). Let y = -122 + 127. Determine n(y).
6
Let z(a) = -2*a**3 + a**2 + 11*a - 2. Let i(r) = r**3 - 6*r + 1. Let m(w) = 5*i(w) + 3*z(w). Determine m(4).
-5
Let k(d) be the first derivative of d**4/4 + 3*d**3 + 9*d**2/2 + 4*d - 15. Determine k(-8).
-4
Let q be (-2)/4 + (-7)/(-2). Let s(w) = -q*w + 4 + 2 + 0*w + 4*w. Let d be s(-5). Let i(m) = 2*m**3 + 2*m**2 - 2*m + 1. What is i(d)?
3
Let m(g) = -39*g**3 - 17*g**2 + 13*g + 15. Let h(t) = 19*t**3 + 8*t**2 - 6*t - 7. Let z(w) = -13*h(w) - 6*m(w). What is z(-1)?
12
Let k(a) = -a**2 - 10*a - 2. Let z(x) = x**2 + 14*x + 23. Let b be z(-11). Calculate k(b).
-2
Suppose 0 = -6*d + 3 + 15. Let h(k) = k**3 - 4*k**2 - 3. Determine h(d).
-12
Let o be 4 + -3 - 2 - -1. Suppose 5*j - 5*v - 22 = -v, 21 = 3*j - 5*v. Suppose w - 1 - j = o. Let g(a) = a**3 - 3*a**2 - 3*a + 3. What is g(w)?
-6
Let r(c) be the first derivative of c**2/2 - 2*c + 1. Let f(y) = -y + 7. Let u be f(5). Suppose 4*z - 4*q = 4, 8 = 6*z - 3*z + u*q. Determine r(z).
0
Let j(x) be the first derivative of -x**3/3 - 4*x**2 - 2*x - 25. Determine j(-6).
10
Let p(l) be the first derivative of -l - 4*l**2 - 1 + 2*l**2 + 3*l**2. Determine p(2).
3
Suppose -2*q - 2*z - 3*z = 3, -1 = -z. Let v = q - 1. Let a(f) be the third derivative of -f**5/60 - 7*f**4/24 - 7*f**3/6 + 182*f**2. Give a(v).
3
Suppose -9*y - 4*h + 40 = -4*y, -4*y = -h - 11. Let 